= j**2 - 316*j + 18566. Give i(78).
2
Let f(u) = u**3 - 16*u**2 + 23*u - 370. Determine f(16).
-2
Let r(i) = -i**3 - 20*i**2 - 46*i + 33. Calculate r(-17).
-52
Let g(q) = -58*q**2 - 1971*q + 33. Determine g(-34).
-1
Let z(h) = 259*h + 2320. Calculate z(-9).
-11
Let p(q) = -501*q - 22059. Give p(-44).
-15
Let v(d) = d**3 + 8*d**2 + 82*d + 429. Calculate v(-6).
9
Let q(l) = -l**3 + 32*l**2 - 31*l + 437. What is q(31)?
437
Let b(v) = 679*v - 11555. What is b(17)?
-12
Let m(q) = -2*q**3 - 10*q**2 - 5*q + 4. Calculate m(-5).
29
Let u(t) = -t**3 - 9*t**2 - 5*t - 60. What is u(-9)?
-15
Let s(y) = y**3 - 21*y**2 + 32*y + 107. What is s(19)?
-7
Let i(y) = 5954*y - 39. Determine i(0).
-39
Let m(d) = 232*d - 11611. Determine m(50).
-11
Let w(t) = 2973*t + 5933. Give w(-2).
-13
Let w(j) = j**3 + 148*j**2 - 450*j. Give w(3).
9
Let p(y) = -31*y**2 - 32*y - 33. Determine p(-1).
-32
Let z(m) = -3*m**2 - 493*m + 1882. Give z(-168).
34
Let o(v) = -14*v**3 + 420*v**2 - 406*v + 6. Give o(29).
6
Let p(j) = -j**3 - 8*j**2 + 28*j + 147. Calculate p(-8).
-77
Let m(q) = -q**3 - 3*q**2 - 19*q - 1180. What is m(-11)?
-3
Let g(x) = x**2 + 256*x - 3785. Determine g(14).
-5
Let d(b) = 197*b - 234. Calculate d(1).
-37
Let c(i) = 75*i - 35. Determine c(0).
-35
Let h(f) = 8*f - 475. Determine h(-15).
-595
Let o(n) = -3*n**3 + 11*n**2 - 20*n + 78. Calculate o(4).
-18
Let n(g) = -104*g + 790. What is n(11)?
-354
Let y(z) = 4*z**3 + 32*z**2 + 10*z + 17. Give y(-8).
-63
Let w(q) = 317*q + 219. Give w(-1).
-98
Let u(f) = 44*f - 2388. Calculate u(54).
-12
Let j(w) = 94*w**2 - 6297*w - 65. What is j(67)?
2
Let l(z) = -z**3 - 199*z**2 + 2*z + 395. Calculate l(-199).
-3
Let r(m) = -16*m**2 + 17*m + 63. Calculate r(-3).
-132
Let c(j) = -3*j**3 + 267*j**2 - 2*j + 175. Calculate c(89).
-3
Let o(l) = 46*l - 1. Give o(-6).
-277
Let k(o) = -24*o - 758. What is k(-31)?
-14
Let j(o) = -o**3 - 9*o**2 - 16*o - 48. What is j(-8)?
16
Let i(v) = 1520*v - 27358. What is i(18)?
2
Let t(k) = -2*k**3 - 23*k**2 + 8*k - 14. Determine t(-14).
854
Let q(l) = l**3 + l**2 - 11*l - 15. Calculate q(-2).
3
Let b(u) = u**3 + 82*u**2 + 146*u - 1108. Determine b(-80).
12
Let n(q) = -428*q + 2493. Determine n(6).
-75
Let y(l) = -l**3 - 30*l**2 - 98*l + 23. Determine y(-4).
-1
Let b(t) = 57*t - 320. Give b(9).
193
Let r(w) = -84*w**2 - 1422*w + 108. What is r(-17)?
6
Let q(u) = 1527*u + 48860. Calculate q(-32).
-4
Let c(s) = -2*s**2 - 164*s + 4819. Determine c(-105).
-11
Let f(x) = 8*x**2 + 248*x - 221. What is f(-32)?
35
Let p(g) = -259*g - 3114. What is p(-12)?
-6
Let t(y) = 20*y - 1562. Give t(73).
-102
Let u(c) = 7110*c + 21341. Calculate u(-3).
11
Let n(a) = -a**3 + 19*a**2 + 116*a - 1535. Calculate n(21).
19
Let j(c) = c**3 + 5*c**2 + 22*c + 84. Calculate j(-4).
12
Let q(t) = -79*t + 2500. Calculate q(32).
-28
Let f(x) = -x**3 + 72*x**2 - 338*x + 204. Determine f(67).
3
Let b(w) = -w**3 + 5*w**2 - 5*w + 26. What is b(5)?
1
Let j(l) = l**3 + 13*l**2 + l - 5. Give j(-13).
-18
Let o(h) = -6*h**2 - 38*h - 191. Calculate o(-11).
-499
Let a(c) = 3*c**2 + 222*c + 185. Give a(-73).
-34
Let z(i) = -364*i + 3640. Give z(10).
0
Let f(t) = 30*t + 1945. What is f(-65)?
-5
Let p(u) = 7*u**3 - 5*u**2 - 22*u + 4. Calculate p(-2).
-28
Let b(g) = -3*g**3 + 6*g**2 + 8*g - 4. Give b(6).
-388
Let z(x) = x**2 + 254*x + 1241. Give z(-5).
-4
Let z(s) = 6*s - 286. Calculate z(24).
-142
Let m(x) = -74*x**2 - 16*x + 5. Give m(1).
-85
Let g(x) = 441*x + 1764. Give g(-4).
0
Let w(l) = -29*l**2 + 664*l + 73. What is w(23)?
4
Let a(u) = -u**3 - 19*u**2 - 92*u - 7. What is a(-6)?
77
Let v(t) = 3*t**3 + 30*t**2 - 33*t + 21. Determine v(-11).
21
Let j(g) = -2*g**2 + 597*g + 1502. Calculate j(301).
-3
Let l(i) = -34*i**2 + 8*i - 7. Calculate l(1).
-33
Let t(u) = -6*u**2 + 331*u + 2208. What is t(-6)?
6
Let r(d) = -2*d**3 + 18*d**2 + 2*d + 30. Give r(9).
48
Let w(r) = 27*r**2 + 32*r - 147. Give w(4).
413
Let w(a) = -5108*a - 51080. Determine w(-10).
0
Let p(w) = w**2 + 121*w + 1276. Calculate p(-12).
-32
Let j(d) = -d**2 - 166*d - 2270. Determine j(-15).
-5
Let i(p) = 5*p**2 - 55*p - 14. What is i(11)?
-14
Let a(f) = 16*f**3 + f**2 + 99*f + 190. Calculate a(-2).
-132
Let p(i) = i**3 - 27*i**2 - 15*i - 56. What is p(28)?
308
Let y(j) = j**3 - 13*j**2 + 8*j - 16. Determine y(12).
-64
Let w(y) = -y**3 - 6*y**2 + 11*y - 6. What is w(-7)?
-34
Let w(x) = x**2 - 6*x - 161. What is w(-13)?
86
Let k(p) = -p**2 - 28*p + 17. Determine k(-15).
212
Let v(f) = 7*f + 54. What is v(-13)?
-37
Let k(q) = -7*q**3 + 74*q**2 + 47*q + 3. Calculate k(10).
873
Let a(n) = 218*n - 2179. Determine a(10).
1
Let c(f) = f**3 - 29*f**2 + 25*f + 252. Give c(28).
168
Let p(r) = 2*r**2 - 41*r - 145. Calculate p(23).
-30
Let h(s) = -3*s**2 + 29*s - 96. What is h(7)?
-40
Let c(g) = 3*g**2 + 7896*g - 23700. Give c(3).
15
Let t(g) = -g**3 - 14*g**2 - 6*g + 39. Give t(-15).
354
Let q(x) = -x**2 + 56*x - 77. Calculate q(6).
223
Let g(p) = -39*p - 53. Give g(-11).
376
Let a(k) = -403*k + 14113. Give a(35).
8
Let o(u) = -u**2 + 97*u - 1658. What is o(22)?
-8
Let j(v) = 28*v - 299. What is j(18)?
205
Let v(f) = 10990*f + 22010. Determine v(-2).
30
Let a(d) = -89*d - 3410. Calculate a(-39).
61
Let i(c) = 60*c - 752. Calculate i(14).
88
Let v(y) = -257*y - 3. What is v(1)?
-260
Let s(x) = -4425*x - 35456. Give s(-8).
-56
Let v(h) = h**3 - 62*h**2 - 485*h + 136. Give v(69).
-2
Let c(v) = 10*v**3 + 38*v**2 - 82*v. Give c(2).
68
Let r(l) = -4783*l - 38250. Calculate r(-8).
14
Let u(j) = -4*j + 70. Give u(18).
-2
Let t(u) = 22*u**2 - 25*u - 19. Give t(4).
233
Let r(d) = -6*d**2 - 12*d + 29. Calculate r(4).
-115
Let f(m) = -2*m**3 - 8*m**2 + 5*m + 13. What is f(-6)?
127
Let r(s) = s**3 + 7*s**2 + 145*s + 787. Calculate r(-6).
-47
Let o(s) = -198*s + 783. Determine o(4).
-9
Let b(t) = -92*t - 665. Give b(-8).
71
Let f(c) = -2*c**2 + 63*c + 1534. Calculate f(-16).
14
Let r(f) = f**2 + 8*f - 376. Give r(14).
-68
Let y(c) = -8*c - 24. Determine y(-10).
56
Let o(n) = 33*n**2 - 5*n - 11. Give o(-2).
131
Let n(m) = m**2 + 79*m + 584. Determine n(-71).
16
Let z(v) = v**2 - 50*v - 743. Calculate z(-12).
1
Let n(v) = v**3 + v**2 - 13*v - 73. Calculate n(0).
-73
Let r(f) = f**3 - 56*f**2 + 147*f - 145. Determine r(53).
-781
Let i(a) = 35*a + 221. What is i(-6)?
11
Let n(s) = -s**2 - 18*s - 114. Calculate n(0).
-114
Let i(j) = -j**2 + 47*j - 245. Determine i(6).
1
Let z(o) = o**3 - 7*o**2 + 51*o - 52. Determine z(6).
218
Let u(t) = -616*t - 150910. Determine u(-245).
10
Let g(w) = 3*w**3 + 897*w**2 - 5493*w - 914. Calculate g(-305).
1
Let h(f) = 20*f - 738. What is h(38)?
22
Let f(y) = y**3 - 45*y**2 - 301*y - 273. Calculate f(51).
-18
Let n(x) = 20*x - 5. What is n(-2)?
-45
Let r(f) = -8*f**3 + 73*f**2 - 11*f + 20. Determine r(9).
2
Let i(y) = 3*y**2 + 16*y - 12. Calculate i(-12).
228
Let t(u) = -27*u**3 - 1080*u**2 - 2*u - 58. What is t(-40)?
22
Let w(v) = -15*v + 176. Give w(12).
-4
Let a(s) = 2*s**2 + 9*s + 7. Determine a(-9).
88
Let n(m) = -3*m**3 + 6*m**2 + 6*m + 7. Calculate n(4).
-65
Let n(w) = -19*w**3 + 303*w**2 + 15*w + 16. Give n(16).
0
Let n(m) = -6*m**2 - 21*m + 163. Calculate n(5).
-92
Let a(i) = i**3 - 5*i**2 + 11*i - 14. Give a(4).
14
Let o(z) = 2*z**3 + z**2 - 11*z - 9. Give o(-5).
-179
Let j(q) = 5*q + 450. Give j(-48).
210
Let o(a) = -448*a + 1851. What is o(4)?
59
Let w(s) = 67*s + 634. Determine w(-8).
98
Let f(h) = -16*h**3 + 18*h**2 + h - 8. Calculate f(0).
-8
Let d(m) = m**2 - 159*m + 458. Give d(3).
-10
Let k(x) = -29*x + 282. Determine k(7).
79
Let g(a) = 10*a**2 - 35*a + 128. What is g(11)?
953
Let r(y) = -10*y - 912. Give r(-50).
-412
Let g(k) = k**2 - 44*k + 110. Calculate g(42).
26
Let z(v) = -6*v**3 - 6*v**2 + 228*v - 221. What is z(1)?
-5
Let y(d) = -3*d**3 - 23*d**2 - 23*d - 63. Give y(-7).
0
Let s(p) = 7*p**3 - 8*p**2 - p + 9. Calculate s(3).
123
Let n(s) = 50*s + 929. Determine n(-19).
-21
Let o(g) = -g**3 + 44*g + 99. Determine o(-5).
4
Let t(x) = x**3 - 136*x**2 + 2*x - 278. Determine t(136).
-6
Let b(x) = -7*x**2 + 5*x - 6. Determine b(3).
-54
Let r(y) = -33*y**2 - 63*y - 7. Calculate r(-1).
23
Let k(c) = -c**3 - 26*c**2 + 989*c + 113. What is k(-47)?
19
Let t(u) = u**2 + 127*u - 1351. Give t(10).
19
Let s(j) = 6*j**2 - 231*j - 134. Give s(39).
-17
Let a(d) = -8